 g be t(-6). Suppose -2 - g = -s. What are the prime factors of s?
3
Let v be ((-6)/9)/(2/(-6)). Suppose 2*q + 55 = -2*o + 7*o, -v*o + 3*q = -33. What are the prime factors of o?
3
Suppose -u + 39 = -2*f, -4*f + 125 = -u + 6*u. What are the prime factors of u?
29
Let l(v) = v - 14. Let n be l(13). What are the prime factors of ((-12)/9)/(n/15)?
2, 5
Let s = 7 - 7. Suppose s*c = -3*c + 9. List the prime factors of c.
3
Suppose 5*y - 4*x + 5 = 0, -2*x = -3 - 7. Suppose -5*q = -q + 4*k, 0 = -4*q + y*k. Suppose q = 5*u - 54 + 14. List the prime factors of u.
2
Suppose 35 = 5*b - 60. List the prime factors of b.
19
Suppose -4*c = -3*b - b - 420, 4*c - b = 426. What are the prime factors of c?
107
Suppose 5*t + 0*o = o + 66, -2*o + 78 = 5*t. Suppose -t = z - 5. Let n = z + 14. What are the prime factors of n?
5
Suppose 0 = 2*m - 10 - 6. Let r = m + -6. What are the prime factors of (-10)/20*(-68)/r?
17
Suppose 3*x = b - 185, -2*x = -3*b + 2*b + 181. What are the prime factors of b?
173
Suppose 2*f = -f - 3. Let n = -2 - f. What are the prime factors of 69/12 - n/4?
2, 3
Let m(p) = -p + 45. What are the prime factors of m(7)?
2, 19
Let f = 146 - 37. List the prime factors of f.
109
Let l(a) = -4*a**3 - 24*a**2 + 4*a + 13. What are the prime factors of l(-7)?
181
Suppose -2*k - 1 + 5 = 0. Suppose -5*y = -4*n - 25, 4*y + k*n - 54 = -8. What are the prime factors of y?
3
Suppose 54 = -3*o + 135. List the prime factors of o.
3
Let p = -18 + 21. Let f be (-2 - 2)*(-2)/4. What are the prime factors of (-2)/f*(p + -10)?
7
Let z be (-20)/(-70) + (-30)/7. Let v = 37 + -17. List the prime factors of z/v - 46/(-5).
3
Suppose -2*q + 2*a = -32, a = 1 - 2. List the prime factors of q.
3, 5
Let z be (2 - (1 + 4)) + 9. Suppose -123 = -4*c - 3*w, -z*c + 2*c + 124 = 4*w. List the prime factors of c.
2, 3, 5
Suppose -11*d - 9 = -559. What are the prime factors of d?
2, 5
Suppose 4*g = -0*g + 56. List the prime factors of g.
2, 7
Suppose 3*j + p - 2 - 4 = 0, -j + 5*p = 14. Suppose -3*d + 7 - j = 0. What are the prime factors of d?
2
Let g(t) = -5*t - 12. List the prime factors of g(-13).
53
Suppose 5*z - z + 20 = 0. Let u = z - -9. Suppose -u*y + 43 = -37. What are the prime factors of y?
2, 5
Let o = -12 - -42. List the prime factors of o.
2, 3, 5
Let t(x) = 2 - 9*x + 0 + 1. Let h(c) = -c. Let p(g) = 6*h(g) - t(g). What are the prime factors of p(6)?
3, 5
What are the prime factors of 90/5 + 3 + 4?
5
Suppose 2 = -b + 9. What are the prime factors of b?
7
Let u(d) = d**2 - 6*d + 3. Let m be u(6). List the prime factors of (0 - (2 - m))*22.
2, 11
Let r be (-133)/(-42) + 2/(-12). Suppose 4*w = -2*h + 26, r = 2*w - h - 0. Suppose -2*b = w - 34. List the prime factors of b.
3, 5
Let h = 16 + -7. What are the prime factors of h?
3
Suppose -n - 85 = -5*z, -z + 8 = -0*z - 2*n. What are the prime factors of z?
2, 3
Suppose -2*s - 16 = 2*q, 6*q - 3*q + 6 = 3*s. Let y = 8 + q. Suppose -y*i = i + 3*d - 39, -2*d + 30 = 3*i. What are the prime factors of i?
2, 3
Let m = -8 + 5. Let p = 1 - m. Let o = 4 + p. List the prime factors of o.
2
Suppose 2*j = 7*j - 40. Let o = 5 + j. What are the prime factors of o?
13
Let k = -3 + 5. Let r be k*5/8*4. Suppose 4*y + 55 = 2*w + w, -90 = -5*w + r*y. What are the prime factors of w?
17
Let v = 0 + 2. Suppose 10 = -v*j + 4*r, 4*j + 12 = -2*r + 42. What are the prime factors of j?
5
Let g = -27 - -48. What are the prime factors of g?
3, 7
Let z(p) = -p**3 - 6*p**2 + 8*p - 1. Let o be z(-7). Let i(j) = -2*j - 14. List the prime factors of i(o).
2
Let i = 44 - -8. List the prime factors of i.
2, 13
What are the prime factors of ((-9)/12)/((-3)/156)?
3, 13
Let w be 0/(-2*3/(-6)). Suppose -r + o + 3 = -4, w = -2*r - 3*o + 9. List the prime factors of r.
2, 3
Suppose 0 = -16*f + 14*f + 112. What are the prime factors of f?
2, 7
Let i(v) = -5*v. List the prime factors of i(-8).
2, 5
Suppose -u - 14 + 50 = 0. List the prime factors of u.
2, 3
Let c = 9 - -3. Suppose 5*j = 3*j + 4*x + c, -2*x = 4. List the prime factors of -3*(j - (-8)/(-3)).
2
Let i(d) = -d**3 - 10*d**2 - 10*d + 4. List the prime factors of i(-9).
13
Let k(v) = -v**3 + 7*v**2 + 8. List the prime factors of k(5).
2, 29
Let x(q) be the second derivative of -q**4/4 - 4*q**3/3 + 3*q**2 + 2*q. Let s(w) = w**2 + 3*w - 2. Let i(c) = 11*s(c) + 4*x(c). List the prime factors of i(0).
2
Suppose 5*w + 3*x = 8*x + 190, 0 = w + 2*x - 53. Suppose 4*b - w - 101 = 0. List the prime factors of b.
2, 3
Let m = 10 - -23. List the prime factors of m.
3, 11
Let s(y) = -y**3 + 12*y**2 - 10*y + 6. Let d be s(11). Let b = d + -7. List the prime factors of b.
2, 5
Let v(g) = 4*g - 3. Let o(f) = -2*f + 2. Let u(n) = -7*o(n) - 3*v(n). List the prime factors of u(10).
3, 5
Suppose -5*j = 2*n + 25, -5*j - 11 = 5*n - 1. Let x = 24 - j. Let w = x - 19. What are the prime factors of w?
2, 3
Suppose 0 = 3*k + 2*k. Suppose k = -h - 2*w, 5*h - 4*w - 1 = 55. Suppose -j + h = -0*j + 2*s, -4*s - 24 = -2*j. What are the prime factors of j?
2, 5
Suppose 3*y - 695 = 6*a - 10*a, 345 = 2*a - y. What are the prime factors of a?
173
What are the prime factors of 38 + (-4 - (-3 + -1))?
2, 19
Suppose 0 = -2*d - 2*d + 12. Let t be (9/(-5))/d*-5. Let s(p) = p**3 - p**2 - 3*p. What are the prime factors of s(t)?
3
Let s(d) = d**2 + 17. Let w be s(0). Let r = -5 + w. List the prime factors of r.
2, 3
Let v(k) = -6*k + 1. Let j(t) = 5*t - 1. Let m(g) = 3*j(g) + 4*v(g). What are the prime factors of m(-2)?
19
Let h be (-10)/(-45) - (-14)/18. Suppose -3*m = -5*b + b + h, 0 = 3*b - 3*m + 3. Suppose -44 = -0*s - b*s. What are the prime factors of s?
11
Let o = 1 - 4. Let i be o - (3 - 3/1). Let a(h) = -3*h + 3. List the prime factors of a(i).
2, 3
List the prime factors of (-12)/((-477)/(-504) + 0 + -1).
2, 7
Suppose -3*o - 3*t + 25 = -20, 49 = 3*o + 2*t. What are the prime factors of o?
19
Let n(g) = g + 11. Let u(i) = 5*i + 55. Let c(p) = 11*n(p) - 2*u(p). Let q be c(-9). List the prime factors of 2*q*(-6)/(-12).
2
Let i(c) = -7*c**3 - 8*c**2 - 7*c - 9. Let t(f) = -15*f**3 - 16*f**2 - 14*f - 19. Let w(d) = -13*i(d) + 6*t(d). List the prime factors of w(-6).
3, 11
Suppose -18*z = -13*z - 345. What are the prime factors of z?
3, 23
Let b(x) = x + 1. Let v = -3 - -4. List the prime factors of b(v).
2
Suppose -3*p + 38 = -p. Suppose -2*i + 2 = -5*o - p, 3*i = 4*o + 21. List the prime factors of ((-19)/2)/(o/6).
19
Suppose 16 = 3*j + j. List the prime factors of j.
2
Let w = 13 - 8. Suppose 4*c = w*b + 3, -2*c - 9 = -6*c - b. Suppose -h + 2*h - 2*j - 14 = 0, -c*j = 2. List the prime factors of h.
2, 3
Let t be 0 + (-3)/((-6)/(-22)). Let i = 32 + t. List the prime factors of i.
3, 7
Suppose 2 = -2*i + 4*g - 20, i - 3*g + 16 = 0. List the prime factors of (i/(-3))/(1/51).
17
Let o = 34 + -23. Let g = 26 - o. Suppose 3*p - 60 = -g. List the prime factors of p.
3, 5
Let q(w) = -w**3 + 5*w**2 + w + 2. Let f(b) = 4*b**3 - 19*b**2 - 5*b - 9. Let v(l) = 2*f(l) + 9*q(l). List the prime factors of v(6).
2, 3, 5
Let w(t) = t + 10. Let i be w(0). Suppose -u + i = p, -3*u + 0*p = -2*p - 20. List the prime factors of (-2 + u)*1/2.
3
Let g(x) = -x**3 + 3*x**2 + 2. Let y be g(3). Suppose z + 5 - 3 = 2*q, -y*q - z = -10. List the prime factors of q.
3
Suppose -3*s - 3 = -0. Let w(p) = -10*p. List the prime factors of w(s).
2, 5
Let x = -2 + 2. Let k(b) = -b**3 + b**2 + b + 8. What are the prime factors of k(x)?
2
Let u(f) = -f**3 + 5*f**2 - 4*f + 2. Let s be u(4). Let b(v) = 3*v**3 - 2*v**2 + v - 2. What are the prime factors of b(s)?
2
Let u be (1 - 1)/((-2)/1). Suppose 4*g + 4*c + c - 64 = 0, u = -4*g - c + 64. Suppose -2*w = 3*k - g, 0 = 5*w + k - 60 + 20. What are the prime factors of w?
2
Let o(v) = v**2 + 4*v - 12. List the prime factors of o(8).
2, 3, 7
Let y(t) = t**2 - 6*t + 49. What are the prime factors of y(16)?
11, 19
What are the prime factors of 2619/6 + 2 - (-9)/18?
439
Let t = 18 + -13. List the prime factors of t.
5
Let k(l) = -l**2 - 9*l + 2. Let p be k(-9). Suppose -2*i = -v - 15, 5*v = -3*i + p*v. Suppose 0 = h - i*h + 88. List the prime factors of h.
2, 11
Let r(q) = -q**3 + 2*q**2 + 5*q - 2. Let p be r(3). Suppose 0*c - 3*c + 13 = p*d, 5*c = -5. What are the prime factors of d?
2
Let s(q) be the second derivative of -q**3/6 + q**2/2